 be i(10). Suppose 0 = -3*v - q*v + 1104. What are the prime factors of v?
2, 23
Suppose 2*f = 8 - 36. Let a be (-64)/(-6)*(-21)/f. Suppose -2*u = -k + a, -2*u = -5*k + 66 + 38. List the prime factors of k.
2, 11
Let h(c) = -c**3 + 5*c**2 + 2*c - 6. Let z be h(5). Suppose 2*d + 11 = -3*i, -d = 2*d - z*i - 26. Suppose 0 = d*a + 22 - 118. List the prime factors of a.
2, 3
Let m = 70 + -47. Let q = m + -21. Suppose 0 = -5*p + 5*g + 95, 3*p + q*g = 3*g + 57. What are the prime factors of p?
19
Suppose 23*o = 11417 - 1021. List the prime factors of o.
2, 113
Let l = 0 + 7. Let h = l + -15. List the prime factors of h/(-44) - (-964)/22.
2, 11
Suppose 8 = -4*z + 2*z, s + 5*z - 2514 = 0. List the prime factors of s.
2, 7, 181
Let o(i) = 20*i**2 - 12*i - 2. What are the prime factors of o(5)?
2, 3, 73
Suppose 4*v - 624*f + 627*f - 23984 = 0, 3*f - 11986 = -2*v. List the prime factors of v.
7, 857
Let r(w) = 7*w**3 - w + 2*w - 24*w**2 + 22*w**2. What are the prime factors of r(1)?
2, 3
Let c(w) = 23*w**2 - 7*w - 3 - 4 + 16. List the prime factors of c(2).
3, 29
What are the prime factors of (-902)/55 - -17 - (-14832)/5?
3, 23, 43
Let s(k) be the third derivative of -k**6/120 + 11*k**5/60 + k**4/2 - 25*k**3/6 - 27*k**2. List the prime factors of s(10).
3, 5, 13
Suppose r + 2*a = -3, -3*a + 3 - 15 = -r. Suppose -3*n = 2*n + y - 229, -4*n + 188 = -4*y. Suppose -n = -r*m + m. List the prime factors of m.
23
Suppose 5*z = -4*j + 9430, -5*z + 9430 = -5*j - 0*j. List the prime factors of z.
2, 23, 41
What are the prime factors of 24/2*1331/33?
2, 11
Let z = 16 + -14. Suppose -15 = z*o + 3*o. What are the prime factors of 9/1 - o/3?
2, 5
Let x(p) = -p - 4. Let s be x(-6). Suppose 3*f + 0*g + 5*g = 31, s*f - g - 12 = 0. Suppose -3*z + f*z = 52. List the prime factors of z.
13
Suppose 4*d = -3*d - 1820. Let c = d - -378. List the prime factors of c.
2, 59
Let l(a) = -a - 1. Let h be l(-1). Let w be (1 + 4)*(11 - h). Let g = w - 21. List the prime factors of g.
2, 17
Suppose 1117 = 3*q + 376. What are the prime factors of q?
13, 19
Suppose 0 = h - 9 + 3. List the prime factors of (112/h)/((-38)/(-57)).
2, 7
Let i(z) = -z + 6. Let p(g) = -g**3 + 15*g**2 - 14*g - 2. Let v be p(14). Let w be 3 - (v/1 + 3). List the prime factors of i(w).
2
Let u = -20 + 24. Suppose u*k + 31 = 119. List the prime factors of k.
2, 11
Suppose -13*s + 16*s - 1176 = 0. What are the prime factors of s?
2, 7
Suppose -2898 = -17*h - 263. List the prime factors of h.
5, 31
Let z = 164 + -337. Let j = 298 + z. List the prime factors of j.
5
Let g(x) = x + 238. Let j be g(0). Let t = j + -55. What are the prime factors of t?
3, 61
Let w(i) = -6*i - 2. Let b be 268/15 - (-2)/15. Let y be (-5 + 4)/(3/b). List the prime factors of w(y).
2, 17
Suppose 3*r - 5*f + 2 = 6*r, 5*r = -3*f + 30. Suppose -3331 = -r*y - 460. What are the prime factors of y?
11, 29
Let x = -71 - -72. What are the prime factors of x*-3 + 213 + -12?
2, 3, 11
Let s = -833 + 2440. What are the prime factors of s?
1607
Let t(a) be the second derivative of -a**4/12 + a**3/3 + 7*a**2/2 - 2*a. Let s be t(3). Suppose 4 = s*w - 80. List the prime factors of w.
3, 7
Suppose 2*d + 2678 = 15*d. List the prime factors of d.
2, 103
Let m(j) = -j. Let x be m(-5). Suppose -x*y = -1 + 6. List the prime factors of -3 + (-17)/(0 + y).
2, 7
Suppose 0 - 5 = -q. Let v be ((-22)/4)/(7/(-42)). Let z = q + v. List the prime factors of z.
2, 19
Let m(v) = 5*v - 24. Let j(w) = 11*w + 3. Let z be j(-2). Let i = -1 - z. List the prime factors of m(i).
2, 3, 11
Let v be (17 - 4 - -3) + -4. Let g = 4 + v. List the prime factors of g.
2
Let q(o) = o**3 + 6*o**2 - 5*o. Let r be q(-6). Let j be 405/(-21) + 6/21. Let a = r + j. What are the prime factors of a?
11
Suppose s + 465 = 6*s. What are the prime factors of (-1)/(276/s - 3)?
31
Let m = 399 - 304. What are the prime factors of m?
5, 19
Let g = 232 + -166. What are the prime factors of 1/(-1) + (g - 1)?
2
Let f = 111 - 102. What are the prime factors of (2/f - 754/72)*-16?
2, 41
Let x be 235/1*(-60)/(-25)*1. Suppose 4*u + a = 1316, -3*a + 1872 = 4*u + x. List the prime factors of u.
2, 3, 5, 11
Suppose 5*z + 9 = f, 5*z - 4*f = -0*f - 6. List the prime factors of (-89)/z*(-4 - -6).
89
Let r(l) = 2*l**2 - 5*l. Let d(v) = -3*v + 2*v**3 - v**3 - v**2 + 2*v**2 - 2*v**2 - 4. Let j be d(3). What are the prime factors of r(j)?
5
Let b(x) = -20*x**3 + 13*x**2 + 26*x - 7. What are the prime factors of b(-4)?
3, 17
Let v = 374 + -293. What are the prime factors of v?
3
Let w be (-9)/(-9) + -1 + 0. Suppose 0 = -w*u - 2*u, 2*k - 5*u - 204 = 0. Suppose -3*f + k - 24 = 0. What are the prime factors of f?
2, 13
Suppose 32 - 6 = -j. Let s = j - -118. What are the prime factors of s?
2, 23
What are the prime factors of (-14)/(-21) + -1 + (-2455)/(-3)?
2, 409
Let n(f) = -5*f + 82. List the prime factors of n(0).
2, 41
Suppose -4*t + 742 = 2*x, x - 531 - 214 = -4*t. What are the prime factors of t?
11, 17
Let z(c) = -c**2 - 18*c + 43. Let w be z(-16). Let x = 75 - 51. Let r = w - x. List the prime factors of r.
3, 17
Let w(u) = -u - 12. Let k be w(-17). Suppose -1246 = -k*h - 2*t, -h + 2*t + 2*t + 258 = 0. List the prime factors of h.
2, 5
Suppose 3*z = w - 5 - 9, -2*z = -4*w + 26. Let y(s) = 4*s**2 + 5*s. What are the prime factors of y(z)?
3, 7
Let r(f) = -55*f + 205. What are the prime factors of r(3)?
2, 5
Let u(w) = -w**3 - 7*w**2 + w + 9. Let g be u(-7). Let s be ((-12)/16)/(g/176). Let n = -39 - s. List the prime factors of n.
3
Suppose -34*m + 63392 = -83386. List the prime factors of m.
3, 1439
Let z(s) = -136 - 9*s + 149 - 2*s**2 + s**2. Let t be z(-10). List the prime factors of 19*(t + 0 - 2).
19
Let a = 239 + -230. Let w be (-1 - (-1 - 6))*9. Let h = w - a. List the prime factors of h.
3, 5
Suppose 16536 + 6564 = 25*t. List the prime factors of t.
2, 3, 7, 11
Suppose -4*h - 30*u + 31*u = -351, -5*h - 3*u = -443. What are the prime factors of h?
2, 11
Let b(l) = l**2 - 5*l - 17. Let t be b(8). Suppose -t*k = -10*k + 6. What are the prime factors of 106/k - (-12)/(-3)?
7
Let n(o) = o**3 + o**2 - 8*o + 10. Let a be n(4). Let v = a - 23. What are the prime factors of v?
5, 7
Let s = -6 - -8. Suppose -3*h + 10 = -s. Let i = 9 + h. What are the prime factors of i?
13
What are the prime factors of (423605/28)/19 + (-6)/(-8)?
797
Let m(t) = 22*t**2 - 115*t + 3. List the prime factors of m(7).
2, 3, 23
Let j be 561/22 + (-3)/2. Let h = j - 11. What are the prime factors of h?
13
Let w = -6 - 4. List the prime factors of 30/(-1)*5/w.
3, 5
Suppose 2*d - a - 62 = 0, 6 = -3*a - 0. Let z be (-7)/(-3) + 20/d. Suppose -n + 20 = t, -z*n - 10 = 4*t - 92. What are the prime factors of t?
2, 11
Let k = -472 + 993. What are the prime factors of k?
521
Suppose 0 = 4*h + 7*h. Suppose h = 3*j + 108 - 504. What are the prime factors of j?
2, 3, 11
List the prime factors of (-12908)/(-20) + (6 - (-160)/(-25)).
3, 5, 43
Suppose -2*b + 2 = -2. Let k be b*-2*15/(-12). Suppose 2*c - 5*a = 69, c + c + k*a - 59 = 0. What are the prime factors of c?
2
Let y(a) = 6*a - 9. Let c be y(10). List the prime factors of 1 - (-5)/(15/c).
2, 3
Let s be 2/(-3) - 103/3. Let r be ((-518)/s)/((-2)/(-10)). List the prime factors of r/6 + (-4)/(-6).
13
Suppose 7*h = 3*h + 4*q + 36, 5*q + 5 = 0. Suppose -4*p + 0*p = h. What are the prime factors of p/(-4)*(14 - 0)?
7
List the prime factors of 5 - 1 - (-26 + -3879).
3, 1303
Let f(c) be the second derivative of -3*c**5/2 - c**4/12 - 5*c. Let w be f(-2). Suppose -i = 4*i + 2*x - w, -194 = -4*i + x. What are the prime factors of i?
2, 3
Let l = 1186 + -778. What are the prime factors of (2*(-1)/(-4))/(2/l)?
2, 3, 17
Suppose 4*a - 164 = 3*w + w, 4*a - 174 = 2*w. Suppose -a = -q + 12. What are the prime factors of q?
2, 29
Suppose 3*j - 5020 = -17*j. What are the prime factors of j?
251
Suppose 3*v + 1 = 3*m - 2, 0 = m + v - 11. Let n = 8 - m. Suppose -13 = -3*y + n*y. List the prime factors of y.
13
Let a = -348 - -633. Suppose 257 = 2*k - a. List the prime factors of k.
271
Suppose -111 = -5*b + 159. Let k = -14 + b. What are the prime factors of k?
2, 5
Suppose -r - 2*h = -960, 0 = 5*h - 23 - 2. List the prime factors of r.
2, 5, 19
Let l(h) be the second derivative of -h**4/12 + 2*h**3/3 + 9*h**2/2 - 5*h. L